
Let o = -49 - -324. Let t(u) = 4*u**3 - 3*u**2 + 4*u - 3. Let l be t(2). Calculate the highest common divisor of o and l.
25
Let o = 198 + -194. What is the greatest common divisor of o and 40?
4
Let f = 94 + -46. Let l(t) = -t**2 - 3*t + 2. Let w be l(-3). Suppose 20 - 88 = -r + 4*c, -w*c - 286 = -4*r. What is the highest common divisor of r and f?
24
Let f(p) = 17*p + 7 - 8*p - 8*p. Let m be f(-3). Suppose 2*o + t = 6*o - 28, 0 = 4*o - m*t - 40. What is the highest common factor of 24 and o?
6
Suppose 19 = -8*f - 5. Let t be -1 + 9/(-6)*-2 - f. Calculate the highest common factor of t and 5.
5
Let b(n) = -n**3 - 4*n**2 - 13*n + 3. Let p be b(-6). Calculate the greatest common factor of p and 9.
9
Suppose -57 = -5*h - 17. Let f = -136 + 334. Suppose -9*n + h*n = -f. Calculate the greatest common divisor of n and 18.
18
Let i = 74 - 71. Suppose 0 = -i*z + 72 + 144. What is the highest common factor of z and 48?
24
Let d(q) = q**3 + 9*q**2 + 7*q + 15. Let s be 3/(3/(-2)) + -5. Let h be d(s). Calculate the highest common divisor of 32 and h.
32
Let o(m) = -m**2 - m + 16. Let s(l) = -2*l - 4. Let d be s(-2). Let v be o(d). Let y(x) = 7*x - 5. Let h be y(3). What is the greatest common factor of v and h?
16
Let c(l) = 49*l + 98. Let w be c(7). Calculate the greatest common factor of 21 and w.
21
Suppose 0 = 49*g - 50*g + 118. Let t = g + -8. What is the greatest common factor of 275 and t?
55
Suppose -4*b - 22 = 34. Let f = 14 + b. Suppose 6*i - i + 5*a - 40 = 0, 4*i + 3*a - 34 = f. What is the greatest common factor of 30 and i?
10
Let w = 427 + -355. Calculate the highest common divisor of 306 and w.
18
Suppose 40 = w - 2*r, -4*r - 5 - 3 = 0. Let l(v) = 69 - 31 - 25 + v. Let g be l(5). What is the highest common factor of w and g?
18
Suppose 10*c + 14*c - 720 = 0. Calculate the greatest common divisor of c and 1005.
15
Let y(v) = 12*v + 34. Let u be y(0). Let c = -53 + 189. Calculate the greatest common factor of c and u.
34
Suppose -5 = -2*p - 5*d, 24 = 2*p + 3*p + d. Suppose p*q - q - 100 = 0. Calculate the greatest common factor of q and 5.
5
Suppose s - 3*f - 32 = 0, -2*f = -s + 31 - 3. Calculate the greatest common divisor of 30 and s.
10
Let x(a) = -14*a + 10. Let d be x(-5). Suppose j + d = 4*j + y, 0 = -2*j + 3*y + 57. What is the highest common factor of 9 and j?
9
Let f be ((-5)/2)/((-14)/28) - -160. Calculate the greatest common factor of 120 and f.
15
Let b be (-684)/(-132) - 4/22. Suppose 2*s - l - 7 = 19, 0 = b*s - 2*l - 65. Calculate the highest common divisor of s and 1.
1
Let j = 21 - -1. Let u = 18 + j. Let a(q) = 16*q + 100. Let g be a(0). What is the greatest common divisor of u and g?
20
Let t = -75 + 78. Suppose a = -0*a - t*s + 14, a - 5*s + 2 = 0. Suppose -3*m + 57 = 3*b, 2*m + 26 = 2*b - 0*b. What is the highest common divisor of a and b?
8
Let f be 2/2*(-11 + 7 - -39). What is the highest common divisor of f and 315?
35
Let h(k) be the first derivative of -k**4/4 + 8*k**3/3 - 7*k**2/2 + 8*k - 21. Let w be h(7). Calculate the greatest common factor of 40 and w.
8
Suppose -4*o = t + 2, 5 - 4 = -t - 5*o. Let q be t*2/(-30) - 446/(-10). Calculate the greatest common factor of 5 and q.
5
Let w(l) be the second derivative of l**5/20 - l**4/3 - l**3 - 4*l**2 + 11*l. Let x be w(6). Calculate the greatest common factor of x and 4.
4
Let i(x) = x**2 + 2*x - 7. Let v be i(-4). Let g be v/((-80)/(-76) - 1). What is the greatest common divisor of g and 152?
19
Suppose -12*m + 291 = -9. Suppose -2*d - 3 = -13. Suppose -a - 5 = -0*a - 5*n, -a + 15 = d*n. Calculate the greatest common factor of m and a.
5
Suppose 45 = 4*h + 17. Let z be (13 - h)/((-1)/(-3)). What is the highest common divisor of z and 27?
9
Let s = 1075 - 983. Calculate the greatest common factor of s and 69.
23
Let s = 1216 - 946. What is the highest common divisor of s and 60?
30
Let h be 2/(-1) + -172 + 4. Let k be 478/17 + 20/h. Calculate the highest common divisor of 70 and k.
14
Let z = 31 - 30. Suppose 8 - z = 7*s. Calculate the greatest common divisor of 7 and s.
1
Let v = 22 + -10. Suppose -u - 19*u + 240 = 0. Calculate the greatest common factor of u and v.
12
Suppose -2*o - 48 = -3*o. Suppose -4*t - 12*t = -96. Calculate the highest common factor of t and o.
6
Let d be 5/(-2)*(-56)/35. Suppose 0 = -4*m - d*j + 2*j + 218, 227 = 4*m + 5*j. Suppose 47 + m = 4*t. What is the highest common factor of t and 75?
25
Suppose 5766 = 26*b - 20*b. Suppose -b = -5*r + 679. Calculate the highest common factor of r and 41.
41
Let f(o) = o**3 + 10*o**2 - 23*o + 33. Let v be f(-12). What is the greatest common factor of v and 399?
21
Suppose 4*t = 25 + 11. Let a be (-4)/(-30)*-3 - 135/(-25). Suppose j = 5*u - 0*u + 17, -129 = -a*j + 3*u. What is the highest common factor of j and t?
9
Suppose -16 + 214 = 6*l. Calculate the greatest common divisor of 176 and l.
11
Let n(l) = l**2 + 7*l + 6. Let r be n(6). Let p = r + -72. What is the highest common factor of 204 and p?
12
Suppose 18*z = 23*z - 3400. What is the greatest common factor of z and 10?
10
Suppose -5*i + 18*q - 20*q = -204, -2*i - 3*q = -86. What is the highest common factor of 10 and i?
10
Suppose 0 = 8*w - 5*w - 516. Suppose -7*b + 2*b + 250 = -2*f, -4*b = 4*f - w. Calculate the highest common divisor of 12 and b.
12
Let z be -1 + 8/(-4) + 1 + -1. Let v(b) = b**2 - b - 1. Let u be v(z). What is the greatest common divisor of u and 88?
11
Let g = -269 - -283. Let l = -39 - -67. Calculate the highest common factor of l and g.
14
Suppose 0*g + 44 = 4*g. Let t be (-22 - -18) + (-5)/(-1). What is the greatest common factor of t and g?
1
Let d = 74 - 69. Suppose -139 = -d*n - 49. Calculate the highest common divisor of 63 and n.
9
Suppose -2*d + 3*k + 27 = 0, 3*k - 27 = -4*d - 0*k. What is the greatest common divisor of 144 and d?
9
Let z be (-4)/36 - (96294/54)/(-11). What is the highest common divisor of 8 and z?
2
Suppose 0 = 3*u + 11 - 35. Calculate the highest common factor of u and 24.
8
Suppose -x = -p + 97, 43*p - x = 44*p - 95. Calculate the greatest common divisor of p and 108.
12
Let t(n) = n**3 - n**2 - 6*n + 3. Let w be t(4). Let k(x) = 3*x**2 - 60*x + 9. Let c be k(24). Calculate the highest common factor of w and c.
27
Suppose -2*c - 4*v = v - 412, -3*c + 636 = 3*v. What is the greatest common divisor of 48 and c?
24
Let v(j) = 1 - 21*j**2 - 4 + 2*j + 2 + 46*j**2. Let f be v(1). Let u = -93 - -132. Calculate the highest common divisor of f and u.
13
Let t be 12/4*2/3. Let x(y) = -6*y**3 - 7 + 3*y**3 + 8*y + 7*y**t + 4*y**3 + 3*y**2. Let b be x(-9). Calculate the highest common factor of 1 and b.
1
Suppose 4*n = 0, 2*n - 124 = -2*t - 3*n. Suppose -26 = -f + q + q, -3*f - 2*q + t = 0. Calculate the greatest common divisor of f and 176.
22
Let i(m) = m**3 - 19*m**2 + 21*m - 16. Let k(z) = z**2 + 12*z + 5. Let b be k(-13). Let a be i(b). Calculate the highest common divisor of 152 and a.
38
Suppose 2*d = 2*b - 298, 4*d + 115 = b - 46. Let r = b + -89. What is the greatest common divisor of r and 8?
8
Let g(u) = -u**3 - 2*u - 6*u**2 - 1 + 1 + 0*u**3. Let n be g(-6). What is the greatest common factor of 30 and n?
6
Let p be 24/(12/(-3)) + 0. Let m(x) = x + 9. Let b be m(p). Suppose v + 14 = -3*i, -5*v - b*i - 1 = 9. What is the highest common factor of v and 5?
1
Let a(w) = -w**3 - 12*w**2 - 35*w - 45. Let s be a(-9). Calculate the highest common divisor of s and 432.
27
Let n(g) = -25*g. Let a be n(-1). Let w be a/(-2)*8/(-10). Suppose 2*h + 90 = 4*s, -s + 0 = -2*h - 15. Calculate the highest common divisor of s and w.
5
Let r = 19 + 17. Suppose 0*z - 28 = z. Let i = 32 + z. What is the greatest common divisor of r and i?
4
Suppose 0*p - 1447 = -5*n - 4*p, p = -2. Calculate the greatest common divisor of n and 3.
3
Let x = 166 - 146. Calculate the greatest common divisor of 4720 and x.
20
Suppose 222 = 4*b - 138. Let m = 62 + -43. Suppose m*q - 70 = 12*q. Calculate the greatest common factor of b and q.
10
Let i(b) = b**3 + 3*b**2 - b + 6. Let r be i(-3). Suppose -2*y = -3*y + 2*x + 7, 5*y - 63 = 3*x. Let f = y - r. What is the highest common divisor of f and 3?
3
Let r(f) = 448*f. Let d(o) = 12*o + o + 9*o + 6*o. Let x(t) = 49*d(t) - 3*r(t). Let m be x(8). Calculate the highest common factor of 28 and 